actor of 212953779?
False
Does 33 divide 3532320?
True
Does 2326 divide 207258230?
True
Does 164 divide 116831353?
False
Is 4 a factor of 779410258?
False
Is 252 a factor of 43971228?
True
Is 270473384 a multiple of 16?
False
Is 144678204 a multiple of 9?
True
Is 6 a factor of 13665236?
False
Is 672 a factor of 196973280?
True
Is 17 a factor of 1165824770?
False
Is 8 a factor of 9312680?
True
Is 2678 a factor of 61141418?
True
Is 19 a factor of 21587515?
True
Is 39 a factor of 673355979?
False
Is 33 a factor of 116277513?
True
Is 17 a factor of 9976688?
True
Does 273 divide 133613571?
True
Is 2 a factor of 162341652?
True
Does 9 divide 447871639?
False
Is 171552480 a multiple of 44?
True
Is 565819591 a multiple of 16?
False
Is 7019702 a multiple of 19?
True
Is 557 a factor of 41522833?
False
Is 14 a factor of 45499216?
True
Is 50464200 a multiple of 604?
True
Is 40 a factor of 499455249?
False
Does 92 divide 1650517352?
True
Is 50 a factor of 334643169?
False
Is 268 a factor of 1276541589?
False
Is 232221741 a multiple of 22?
False
Is 5354234887 a multiple of 37?
True
Is 17954349 a multiple of 129?
True
Is 19987652 a multiple of 7?
False
Is 3500 a factor of 286709018?
False
Does 4505 divide 428801590?
False
Does 106 divide 153263174?
True
Does 57 divide 22522296?
True
Is 953147568 a multiple of 584?
True
Is 38808939 a multiple of 980?
False
Is 82726648 a multiple of 35?
False
Does 119 divide 65883883?
False
Does 2800 divide 49063343?
False
Is 21940226 a multiple of 11?
True
Is 95686255 a multiple of 450?
False
Is 3 a factor of 23877867?
True
Is 50 a factor of 278835900?
True
Is 2225245681 a multiple of 389?
False
Does 34 divide 92100118?
True
Is 433 a factor of 479570449?
True
Does 1152 divide 26431993?
False
Is 916 a factor of 33362882?
False
Is 276 a factor of 61884456?
False
Does 4 divide 78323978?
False
Is 2474 a factor of 50932238?
True
Is 38 a factor of 117654384?
True
Does 117 divide 13699301?
False
Does 122 divide 111591191?
False
Does 1406 divide 78654689?
False
Is 14 a factor of 1509222112?
False
Does 555 divide 25865945?
False
Is 726671634 a multiple of 5018?
True
Does 46 divide 368745490?
False
Is 1037 a factor of 19012358?
True
Does 5051 divide 146024410?
True
Does 1658 divide 17576927?
False
Does 29 divide 20520537?
False
Is 2603362110 a multiple of 520?
False
Is 158730009 a multiple of 86?
False
Does 519 divide 71718151?
False
Is 18129168 a multiple of 64?
False
Does 171 divide 81947321?
False
Is 923027815 a multiple of 401?
True
Is 4599359210 a multiple of 1121?
False
Is 5277 a factor of 355875603?
True
Does 21 divide 161645097?
False
Does 297 divide 50175960?
False
Is 166752536 a multiple of 41?
False
Is 67 a factor of 25953254?
True
Is 76676230 a multiple of 166?
True
Is 27 a factor of 9679473?
True
Is 161 a factor of 533402827?
False
Is 68714328 a multiple of 892?
True
Is 207 a factor of 38525391?
True
Does 8 divide 25958168?
True
Does 3418 divide 1700492598?
True
Does 17 divide 1390719?
True
Is 238 a factor of 949981522?
True
Is 589511590 a multiple of 529?
False
Is 1072 a factor of 63835456?
True
Is 638 a factor of 590997264?
True
Is 33674010 a multiple of 71?
False
Is 122 a factor of 298490165?
False
Does 1470 divide 27954990?
True
Does 793 divide 50890775?
True
Does 132 divide 204391176?
True
Does 2 divide 35747627?
False
Is 14 a factor of 89014226?
True
Is 42530220 a multiple of 18?
True
Is 94535810 a multiple of 110?
False
Is 220684164 a multiple of 114?
True
Is 58 a factor of 51813372?
True
Is 108557184 a multiple of 1824?
True
Is 15327718 a multiple of 29?
True
Does 59 divide 38902411?
False
Is 3292017742 a multiple of 3926?
True
Does 963 divide 104620320?
True
Is 139282862 even?
True
Is 6 a factor of 170544246?
True
Does 14980 divide 1178206960?
True
Does 10 divide 156618?
False
Is 47680629 a multiple of 147?
False
Does 813 divide 36206400?
False
Does 22 divide 13408234?
False
Does 606 divide 538200522?
False
Is 516 a factor of 34306918?
False
Is 232593186 a multiple of 21?
True
Does 29 divide 6187585?
True
Is 114185630 a multiple of 5?
True
Does 1103 divide 38671180?
True
Is 21344857 a multiple of 42?
False
Is 23 a factor of 72158523?
False
Does 3 divide 6077092?
False
Is 29 a factor of 2483221?
False
Is 57 a factor of 59189313?
True
Does 813 divide 41458122?
True
Is 272 a factor of 877973281?
False
Is 200771358 a multiple of 40?
False
Is 10082512 a multiple of 129?
False
Does 143 divide 162343924?
False
Is 7709296 a multiple of 28?
True
Is 676 a factor of 18729200?
False
Is 23 a factor of 36132916?
False
Does 195 divide 12816966?
False
Is 15963240 a multiple of 137?
True
Is 43 a factor of 358417702?
False
Is 1310 a factor of 105508369?
False
Does 17 divide 13152458?
True
Is 760651021 a multiple of 2509?
True
Is 86127936 a multiple of 3516?
True
Does 14 divide 1136850148?
True
Is 10 a factor of 76740340?
True
Is 327 a factor of 798141069?
False
Does 2 divide 8859419?
False
Does 107 divide 10327755?
False
Does 12 divide 3196229148?
True
Is 783936685 a multiple of 58?
False
Does 6 divide 384441675?
False
Is 25 a factor of 12550250?
True
Does 155 divide 11540506?
False
Does 677 divide 93552599?
True
Is 49 a factor of 158980647?
True
Is 121292828 a multiple of 34?
False
Does 18 divide 51622794?
True
Does 287 divide 12793173?
False
Does 146 divide 114801114?
True
Does 650 divide 6422183?
False
Does 617 divide 48245698?
True
Does 24 divide 65294865?
False
Is 28 a factor of 41657673?
False
Is 12 a factor of 52211641?
False
Is 67414344 a multiple of 1416?
True
Is 42 a factor of 33915298?
False
Is 3249935 a multiple of 5?
True
Is 17045599 a multiple of 23?
True
Is 174 a factor of 49981271?
False
Is 14150016 a multiple of 568?
True
Is 122600486 a multiple of 477?
False
Is 153382989 a multiple of 98?
False
Does 91 divide 29188159?
True
Is 216968794 a multiple of 14?
True
Does 135 divide 2119766532?
False
Is 1785411908 a multiple of 586?
True
Does 5 divide 25171387?
False
Is 12 a factor of 48091044?
True
Is 117752505 a multiple of 15?
True
Does 6411 divide 3418787559?
True
Does 548 divide 175283704?
False
Is 101054160 a multiple of 10?
True
Does 2278 divide 154683034?
True
Is 54378860 a multiple of 263?
False
Is 133 a factor of 104926745?
False
Does 21 divide 23232894?
False
Is 1786 a factor of 1314497588?
False
Is 8591408 a multiple of 553?
True
Is 513 a factor of 17053146?
True
Is 388757705 a multiple of 185?
True
Is 20880275 a multiple of 41?
True
Is 2326 a factor of 253030709?
False
Is 24786510 a multiple of 85?
True
Does 17 divide 1743456568?
False
Does 2 divide 19435788?
True
Does 17 divide 58381604?
True
Is 2304 a factor of 986690304?
True
Is 247 a factor of 475930715?
True
Does 229 divide 59718162?
True
Is 48806100 a multiple of 1281?
True
Does 766 divide 226584332?
True
Is 165581923 a multiple of 140?
False
Is 1230363289 a multiple of 267?
False
Does 291 divide 309057040?
False
Does 11 divide 23423675?
True
Is 121 a factor of 107845615?
False
Does 15 divide 652081402?
False
Does 57 divide 16494461?
False
Is 19924818 a multiple of 1520?
False
Does 4 divide 9367271?
False
Does 96 divide 685600640?
False
Is 134 a factor of 172786702?
True
Is 242501480 a multiple of 8?
True
Does 245 divide 1091587292?
False
Does 6 divide 11495448?
True
Is 4 a factor of 6916875?
False
Is 690 a factor of 1868159?
False
Is 578113761 a multiple of 19?
False
Is 611153984 a multiple of 448?
True
Does 977 divide 193435253?
True
Is 28040353 a multiple of 5?
False
Does 17 divide 135024812?
True
Is 29 a factor of 158555151?
True
Is 66455142 a multiple of 598?
True
Is 416673662 a multiple of 2719?
False
Is 106 a factor of 19278182?
False
Does 72 divide 30847536?
True
Is 169180727 a multiple of 177?
False
Is 60 a factor of 63465120?
True
Is 157752054 a multiple of 78?
False
Is 7322679756 a multiple of 2604?
True
Is 232 a factor of 405445936?
False
Is 3562365 a multiple of 155?
True
Is 294798966 a multiple of 179?
False
Is 2359386 a multiple of 84?
False
Does 13 divide 48454734?
False
Does 451 divide 93642934?
True
Is 1082 a factor of 7004972?
False
Is 63 a factor of 10150006?
False
Is 478872872 a multiple of 1235?
False
Is 39 a factor of 1745950685?
False
Is 1009 a factor of 572520?
False
Does 1539 divide 285687648?
True
Does 433 divide 20107654